1
Let v(p) be the first derivative of p**3/3 + 9*p**2 + 101*p - 114. What is the tens digit of v(-9)?
2
Suppose -145*f = -219*f + 1396232. What is the hundreds digit of f?
8
What is the thousands digit of (9/(0 - 1))/(657/(-1939902))?
6
Let t(g) = g**3 + 43*g**2 + 69*g - 444. What is the thousands digit of t(-34)?
7
Let s = 50 + -23. Let v = 36 - s. Suppose -1872 = -3*i - v*i. What is the tens digit of i?
5
Suppose -16*g = 4732 + 1732. Let i = g + 938. What is the hundreds digit of i?
5
Let g(k) = -44*k - 214. Let m be g(-38). Let u = m - 795. What is the hundreds digit of u?
6
Let b(m) = 3*m**2 - 17*m + 6. Let j be -1 - (-7)/2 - (-3)/6. Suppose 5 = t - 0*t + v, -3*t = -j*v - 27. What is the units digit of b(t)?
4
Let d(v) = 46*v**3 - 13*v + 41. What is the hundreds digit of d(7)?
7
Suppose -36*a - 125815 + 329575 = 0. What is the units digit of a?
0
What is the tens digit of 10038 + (13 - (-11 - -12))?
5
Let i = -4839 - -10365. Suppose 2196 = 2*h - 4*n, -3*h + i = 2*h - n. What is the hundreds digit of h?
1
Let t = -454 - -922. Let g = -317 + t. What is the units digit of g?
1
Suppose 25*v = -8*v + 2178. Suppose 3*u - 1653 = 3*i, 5*i + 51 = v. What is the hundreds digit of u?
5
Let v(j) = j**3 - 4*j**2 - 2*j + 6. Let q be v(4). What is the tens digit of 140/56*(-212)/q?
6
Let j(f) = -1. Let a(g) = 10*g**3 - g**2 + 2*g + 5. Let d(v) = a(v) - 2*j(v). What is the units digit of d(4)?
9
Let f = 21483 - 2746. What is the tens digit of f?
3
Let d = -160 - -79. Let y = 135 + d. Suppose -78 = -j + y. What is the tens digit of j?
3
Let h(g) = 30*g + 22. Let x be h(3). Suppose -9 = -115*p + x*p. Let a(t) = 15*t**2 - 2*t + 2. What is the units digit of a(p)?
1
Let i = -45806 + 65053. What is the tens digit of i?
4
Let m(n) = -1210*n - 444. What is the tens digit of m(-8)?
3
Suppose q = -4*l + 1 - 25, 4*q = l - 62. What is the tens digit of (-2)/(2/3) - (-294 - q)?
7
Let h(p) be the third derivative of 0 + 1/30*p**5 - 5/6*p**3 + 8*p**2 - 5/24*p**4 + 0*p. What is the tens digit of h(-6)?
9
Let q be 0*(-1)/(-9)*3. Suppose -2*b - k + 660 = q, b + 4*k + 1001 = 4*b. What is the tens digit of b?
3
Let x(j) = 0 + 13 + 16*j - 3*j**2 - 2*j**3 + j**3 - 17*j. Let g be x(0). Suppose -b - g = -68. What is the tens digit of b?
5
Let w(y) be the second derivative of -27*y - 10*y**2 + 7/3*y**3 + 0. What is the units digit of w(2)?
8
Let n(f) = 4 + 26*f - 2 + 12 + 9. Suppose 5*a - 40 = 3*b - 2*b, -a - 3*b - 8 = 0. What is the units digit of n(a)?
5
Suppose -u - 3*p - 848 = 3*u, 0 = -4*u - p - 856. Let b be (188/6)/(-3 + u/(-75)). Let y = b + 342. What is the units digit of y?
7
Let r = -51 - -109. Let o = -96 + r. Let f = 5 - o. What is the units digit of f?
3
Suppose -4*v - 37 = -3*a, 8*v + 54 = 3*v - 4*a. Let u = 12 + v. Suppose x + 2*k + 102 = 3*x, -u*k - 157 = -3*x. What is the tens digit of x?
5
Let d be (-3)/(-2)*3/((-3)/4). Let s be (-3 + (-15)/d)*(-120)/3. Let a(f) = f**3 - 21*f**2 + 26*f - 11. What is the units digit of a(s)?
9
Let x(y) = y**2 - 11. Suppose -4*f + 5*t = 8, 4*t = 3*f + 3 + 4. Let c be x(f). What is the hundreds digit of (-6)/(-4)*c + 120?
1
Suppose 2*h - 4*i - 144 = 1426, 5*h - 3943 = 4*i. What is the tens digit of h?
9
Let d = 11 + 343. Let m be (d/(-2) - -4) + -4. Let x = 347 + m. What is the tens digit of x?
7
Let w = 93986 - 48588. What is the tens digit of w?
9
Let v(j) = 314*j - 1734. What is the units digit of v(11)?
0
Let k = 34 + 2. Let w = k + -20. Suppose 0 = -4*q - w, q + 2*q = -3*h + 18. What is the tens digit of h?
1
Let n = -62 - -67. Suppose n*y + 21 = 36. Suppose y*h + 2*q - 313 = q, -4*h + 392 = -5*q. What is the units digit of h?
3
What is the hundreds digit of (-766)/(-3)*(-912)/(-33 + 17)?
5
Let d(f) = -f**3 + 39*f**2 + 24*f - 100. What is the tens digit of d(35)?
4
Let r(s) = 64*s**2 + 30*s - 101. What is the units digit of r(14)?
3
Let m = 604 - 579. Let u(y) = -y**2 + 69*y + 129. What is the thousands digit of u(m)?
1
Let o = 926 + 390. What is the tens digit of o?
1
Let l(g) = g - 25. Let o = 2 + 23. Let t be l(o). Suppose -5*p + 4*p + 110 = t. What is the tens digit of p?
1
Suppose -5*t = -4*t + 9. What is the units digit of (t/((-9)/551))/(2 - 1)?
1
Suppose 3*c = 3, c - 1 = 5*k - 0*c. Let t be (14/3)/(k + (-2)/3). What is the units digit of ((-110)/5)/(t/(420/8))?
5
Let f be 0 - -3 - (-1 - -352). Let q = 710 + f. What is the tens digit of q?
6
Suppose -5*m - 8934 = -4*n, -2*n - 7*m + 4*m + 4478 = 0. Suppose -3*x + 1164 = -w, 5*x + 296 - n = w. What is the tens digit of x?
8
Let p = 24 - 36. Let g(z) = -8*z - 416 + z**2 - 426 + 834. What is the hundreds digit of g(p)?
2
Let w(t) be the third derivative of t**5/12 + 3*t**4/8 - 25*t**3/2 - t**2 + 11*t. What is the hundreds digit of w(-17)?
2
Let n(y) = 39*y**3 - 5*y**2 - 30*y + 40. What is the thousands digit of n(7)?
2
Let b(k) = k**2 + 3*k - 7. Suppose 0 = 8*j - 11*j - 15. Let f be b(j). Suppose 12 = f*q, 6*o - o = 3*q + 228. What is the units digit of o?
8
Let n be (-352)/7 + (10 - (-204)/(-21)). Let z = n - -116. What is the tens digit of z?
6
Suppose 101*y - 106*y - 3*n + 75505 = 0, -5*n = 5*y - 75495. What is the ten thousands digit of y?
1
Let g(j) = 880*j + 2 - 842*j - 21. Suppose a + 9 = 2*q, -4*q = -a - 6 - 13. What is the hundreds digit of g(q)?
1
Let f be -173 - 1 - (2 + -1). Let p(v) = 297*v + 260. Let y be p(0). Let h = f + y. What is the tens digit of h?
8
Let w be ((-22)/(-4))/(5/10). Suppose w*m - 3*m - 2080 = 0. What is the units digit of m?
0
Let n(g) = 201*g - 255. Let v(c) = -c**2 + 31*c - 173. Let p be v(23). What is the hundreds digit of n(p)?
9
Let t = -171 - -232. Let i = 14 + -49. Let w = t - i. What is the units digit of w?
6
Let s be 3 - (-16 + (-2 - -1)). Let p be s/2*8/16. Suppose 2*k - 154 = -p*k. What is the tens digit of k?
2
Suppose -2*y + 5*m - 572 = 0, -4*y - 3*m = -0*y + 1170. Let z = y + 577. What is the tens digit of z?
8
Suppose l - 3 = 2, 2*l - 26 = -4*w. Suppose 4*a + w*u - 604 = 0, 3*a - 193 - 280 = u. What is the tens digit of a?
5
Let n = 214 - 94. Let a be 13/((-78)/n)*6/(-5). Suppose -4*u + 2*g = -2*g - a, -2*g - 3 = -u. What is the units digit of u?
9
Let s = 0 - 7. Let u be (s - -4) + -1 - 31. Let j = 7 - u. What is the units digit of j?
2
Let v(f) = -740*f + 2596. What is the units digit of v(-25)?
6
Let g = 194 - 106. Let r be (33/44)/(2/g). What is the units digit of 1/9*3 + 3850/r?
7
Let d = 339 + -106. Let l = 24 + d. What is the tens digit of l?
5
Let i be 2 + (1 - 6) + -139. Let m = -866 + 581. Let x = i - m. What is the tens digit of x?
4
Let t = -5444 + 15904. Suppose -t - 2596 = -8*q. What is the hundreds digit of q?
6
Let n = 32 + -75. Let q = n - -92. Let f = q + 95. What is the hundreds digit of f?
1
Suppose -7987 = 8*t - 39131. Suppose -19*i = t - 33381. What is the tens digit of i?
5
Suppose -1290*a + 1002*a + 8459424 = 0. What is the units digit of a?
3
What is the thousands digit of (-14)/(-77) - (-8597184)/352?
4
Suppose 15*d - 46*d - 40989 = -32*d. What is the thousands digit of d?
0
Let m be 2 + (3 - (-3)/(-3)). Suppose -2 = -q + m. What is the tens digit of q/((-255)/87 + 3)?
8
Suppose 5*j + 0*j - 15 = 3*d, 5*d = 5*j - 15. Suppose -2*t = -4*t + 4*s, 0 = -t + j*s - 3. What is the units digit of (-1 + 43/3)*t?
0
What is the hundreds digit of 38541/(-14 + (-341)/(-22))?
6
Suppose -x - 11 = -40. Let s = 31 - x. Suppose -s*b - 4*r + 78 = 0, 15 = -r - 2*r. What is the tens digit of b?
4
What is the units digit of (11463 + 6)*(10/(-30))/(-1)?
3
Let h be (-345 - -2) + 12/4 + -3. Let l = h - -543. What is the tens digit of l?
0
Let g = -4606 + 4866. What is the units digit of g?
0
Suppose 2*p + 12*m - 13*m - 12700 = 0, 4*p = -2*m + 25384. What is the thousands digit of p?
6
Suppose -4*d + u = -45 - 3, 0 = -4*u. Let t be -3 + 0*(-4)/d. What is the tens digit of 348*((-10)/(-3) + t)?
1
Let g be (-3)/2*(-26 - -28). Let q(o) = 37*o**2 + 3*o + 11. What is the units digit of q(g)?
5
Let m(k) = 2*k**2 + 3*k + 1085. Let j be m(0). Suppose 1214 = -2*v + 4*d + 3414, -j = -v - d. What is the thousands digit of v?
1
Let i(u) be the first derivative of -5/2*u**2 + 30 + 12*u. What is the tens digit of i(-12)?
7
Let d = -14110 + 18598. What is the thousands digit of d?
4
What is the hundreds digit of 36/(-44) + 1 + (313631